the units digit of x(s)?
0
Let w(o) = -o**3 - 9*o**2 - 15*o - 15. Let l be w(-7). Let y(v) = -58*v - 46. What is the tens digit of y(l)?
1
Suppose o = 6*o - 20. Let m be 3/(-6) - 34/o. What is the units digit of ((-18)/m)/(4/90)?
5
Let i be (406/56 - 8)*(0 + 8). What is the units digit of (-10212)/(-48) - i/(-8)?
2
Let b(l) = 2566*l - 2411. What is the units digit of b(8)?
7
What is the hundreds digit of 12/2 - (3/6)/(2/(-26380))?
6
Let t = 397 + 232. Let o = 581 + t. What is the hundreds digit of o?
2
Let w = -172 + 192. Suppose w*l - 183 = 17*l. What is the units digit of l?
1
Let s(z) = 726*z - 8917. What is the units digit of s(96)?
9
Let u(x) = 1167*x**3 + 9*x**2 - 30*x + 23. What is the thousands digit of u(2)?
9
What is the tens digit of (-128730)/(-50) + 2/5?
7
Let m be (48 - 69)*1/3*26. Let k be (894/(-4))/((-2)/4). Let g = k + m. What is the hundreds digit of g?
2
Let s(h) = -362*h**3 - h**2 - h - 1. Let c be s(-1). Suppose 10*m - 1480 = 2050. Suppose -3*a + m = -7*l + 3*l, 3*a - 2*l = c. What is the tens digit of a?
2
Suppose -5*b + z + 93332 = 0, 10*z - 2*z = -56. What is the ten thousands digit of b?
1
What is the hundreds digit of ((-9736)/24)/((-82)/(-42) + -2)?
5
Let v = 98 + 51. Let m = 551 + v. What is the units digit of m?
0
Suppose 957 = 20*c - 1063. Let d = c + -96. What is the units digit of d?
5
Suppose -3*i + 1 = -4*t - 34, 2*i + 2*t = 0. Suppose 2*r - 5*s + 21 = 0, -i*s + 3*s + 10 = 0. What is the tens digit of r/(-14) + ((-2105)/35)/(-1)?
6
Let w = -87 + 98. Suppose 3*z = -4*h + 505, -4*z + 16*h = w*h - 694. What is the hundreds digit of z?
1
Let a be (-3)/6 - (-326)/4. Let o = a + -44. Suppose 2*z + 4*l - 30 = 0, 4*z + 4*l - 19 = o. What is the units digit of z?
3
Let k(r) be the second derivative of 7*r**4/6 + 2*r**3 - 27*r**2 + 72*r. What is the units digit of k(-9)?
2
Let u be (1 + -46)*(-2)/(-3). What is the tens digit of u/(-42) + (-2)/(-7) - -67?
6
Let m = -10936 - -15609. What is the hundreds digit of m?
6
Let k be 73*(7 - 8)*1. What is the units digit of k*(-1)/2*(5 - 3)?
3
Let o(x) = -25*x + 59. Let m(g) = -22*g**3 + g**2 + 2*g - 2. Let u be m(1). What is the tens digit of o(u)?
8
Let l = 2512 - 516. Suppose 4*o + 4*v = 9*o - 2495, -4*o + l = 4*v. What is the tens digit of o?
9
Let a be (-1 - -3) + -6 + -132. Let m = 131 + a. Let y(r) = -r**3 - r**2 - 3*r + 17. What is the units digit of y(m)?
2
Suppose -74081 = -100*b - 96*b + 177*b. What is the units digit of b?
9
Suppose 2*m - 267 - 105 = 0. Let q = 553 + m. Let o = -427 + q. What is the units digit of o?
2
Let y(i) = 0*i**3 + 10*i**2 + i**3 + 9*i - 8*i**2 + 8*i**2 - 8. Suppose 2*h = -4 - 12. What is the units digit of y(h)?
8
Let y = 369 - 368. Let w = -42 + 115. Suppose -w = -p + y. What is the units digit of p?
4
Let l be (-1)/4 + 1442/8. Suppose 0 = 5*u - l - 215. Let z = u + -41. What is the units digit of z?
8
Suppose 6 = -g - 5*g. Let a be g - (315/10 + (-2)/(-4)). Let z = 170 + a. What is the hundreds digit of z?
1
Suppose 0 = -6*m + 18 + 54. Suppose 773 = 2*c - g - 357, 3*g = -m. What is the tens digit of c?
6
Suppose 14 = 4*b + 26, 4*z - 5*b = 17727. What is the units digit of z?
8
Let z(q) = 191*q**3 - 22*q**2 - 4*q + 4. What is the units digit of z(5)?
9
Let r be (0/(-2) + -2)*-5. Let v(m) = -m**3 - r*m - 3 - 1 - 5*m**2 - m**2 - m**3. What is the tens digit of v(-3)?
2
Let s = 13680 + -7703. What is the tens digit of s?
7
Suppose -r + 3*n + 7 - 8 = 0, 5*r = n + 9. Let c(m) = -1 + 0*m - 3*m + 0 + 3*m**2 + 11*m**3. What is the units digit of c(r)?
3
Let f be (83685/(-28))/(-5)*8/3. Let s = 2245 - f. What is the tens digit of s?
5
Let d be 4/(-9) - (-7)/(-63)*-31. Suppose 0 = j - 3*u - 927, -u - d*u + 892 = j. What is the units digit of j?
2
Suppose 108 = 3*s + 87, 4*k - 106068 = 4*s. What is the ten thousands digit of k?
2
Suppose 0 = 4*c + 2*q - 14414, -7*c + 8*c - 3591 = 2*q. Suppose 6*t - 5567 = c. What is the thousands digit of t?
1
What is the units digit of 34*(-127825)/(-120) + 98/(-1176)?
7
Let f(n) = n**3 - 6*n**2 + 10*n - 5. Let s be f(3). Let m(j) = -216*j + 1. What is the hundreds digit of m(s)?
4
Suppose -c - 2*j = -16, -3*c - 2*j = -5*j - 12. Suppose 0 = c*o - 3*o - 10. Suppose -50 = -4*g + o*i + 24, -5*g + 99 = 4*i. What is the tens digit of g?
1
What is the hundreds digit of 4/(-2)*-2*22/(1056/863352)?
9
Let k(y) = 318*y**2 + 50*y + 790. What is the tens digit of k(-10)?
9
Let s be 4/3*36/16. Suppose -h = s*h - 13*h. Suppose h = 6*y - 402 - 0. What is the tens digit of y?
6
Suppose -2*n + 1109*c - 1107*c + 88752 = 0, 3*c + 221872 = 5*n. What is the ten thousands digit of n?
4
Let a be (-9)/(-36) - (-11)/4. Suppose x + 3*n = 199 + 68, -a*x - n = -817. Suppose x = 2*s + 61. What is the tens digit of s?
0
Suppose 626670 = 70*x - 522208 + 84248. What is the units digit of x?
9
Let l(u) = -2*u**2 + 18*u - 1. Let d be l(9). Let c be (3/9)/(d/(-408)). Suppose -140*i + 28 = -c*i. What is the units digit of i?
7
Let n(c) = 5*c**3 + 5*c**2 + 11*c - 12. Let l(i) = 9*i**3 + 9*i**2 + 21*i - 25. Let s(d) = -6*l(d) + 11*n(d). What is the hundreds digit of s(8)?
5
Let x = 408 - -1919. What is the units digit of x?
7
Suppose -f + 2*d - 4 = -4*f, -f - 3*d = 1. Let i be 31/(3 - (f - 0)). Suppose -i - 26 = -3*l. What is the tens digit of l?
1
Let p = 11 + 4. Suppose 0 = 3*m - 2*m + 2*h - 301, 0 = -3*h - p. What is the tens digit of m?
1
Suppose 447*g - 92380 = 427*g. What is the units digit of g?
9
What is the hundreds digit of 4/15 + 662558/195?
3
Suppose 0 = -15*u - 88 + 2323. Suppose 141*f - u*f + 464 = 0. What is the tens digit of f?
5
Let x(y) = y**3 + 12*y**2 - 13*y - 2. Let z be x(-13). Let r = -114 + 115. What is the tens digit of r - (22/z + -3)?
1
Let d = 47 + -52. Let k be 14/(-35) - 17/d. What is the tens digit of ((-4)/(-10))/((-1258)/420 + k)?
8
Suppose 12*i = -42 + 6. Let r(f) = 21 - 45*f + 58*f - 42*f - 7*f. What is the units digit of r(i)?
9
Let q be ((-9)/2 + 4)*-66 + -2. Suppose -q*j + 26486 = 4817. What is the hundreds digit of j?
6
Suppose -3329280 = -11*z - 109*z. What is the tens digit of z?
4
Let m(h) = h - 4. Suppose x = 7*x - 2*x. Let i be m(x). Let t(z) = -45*z - 32. What is the hundreds digit of t(i)?
1
Let x = 135 + -133. Suppose 5*d - 2160 = -9*u + 5*u, 0 = x*u + d - 1074. What is the tens digit of u?
3
Let v = 45591 + -23464. What is the units digit of v?
7
Suppose z = -2*p + 12458, -7*z - 37378 = -10*z - 4*p. What is the tens digit of z?
6
Let r be 0 + -8*5/10 - -4. Suppose 0 = 5*i - w - 1646, 2*w - 327 = -i - r*i. What is the hundreds digit of i?
3
Let n be -4 + 5 + -2 + 1. Suppose n = -y - 3 - 2, 0 = -4*d + 3*y + 35. Suppose -5*h + 406 = -3*x, -d*h + 373 + 36 = -2*x. What is the units digit of h?
3
Let h(c) = -c**3 + 6*c**2 - 3*c + 2. Let z be h(5). Suppose -p + 27*k - 15 = 24*k, -p = 5*k - 9. What is the tens digit of 508*p/z*(-2)/4?
2
Suppose 5*l + 35228 = 3*j, 15*j - 175958 = -15*l + 14*l. What is the hundreds digit of j?
7
Suppose -11*u + 75 = -145. Suppose 5*c + u = c, -z + 241 = 3*c. What is the hundreds digit of z?
2
What is the hundreds digit of (-4)/38 + 59172*21/114?
9
Suppose 7804 = -749*o + 753*o. Let b = o - 1184. What is the tens digit of b?
6
Suppose 42*f + 16191 = 231. Let v be (-4)/(-2 + 0 - -1). What is the units digit of (6/v)/((-114)/f)?
5
Let k = -53134 + 75166. What is the ten thousands digit of k?
2
Let l(b) = -8244*b - 2751. What is the units digit of l(-7)?
7
Suppose -321*z + 330*z = 103788. What is the units digit of z?
2
Suppose -119*i = -120*i. Suppose i = -m + 4*m - 3570. What is the units digit of m?
0
Suppose h = -4*g + 22, -g - h - h + 2 = 0. Suppose 7*b - g*b - 133 = 2*f, 3*b - 2*f - 407 = 0. What is the tens digit of b?
3
Let h = -20687 - -55183. Let k be 18/(-7)*h/(-24). What is the units digit of ((-1)/2)/(11081/k - 3)?
4
Suppose 0 = -2*d - 4*a + 724, 1451 = 4*d + a + 4*a. Suppose 2*l = -4*j + d, -l + 0*l + 275 = 3*j. What is the units digit of j?
3
Let j(v) = v**2 - 36*v - 76. Let p be j(38). Suppose 5*b + 121 - 481 = p. What is the units digit of b?
2
Let r = -158 + 165. What is the hundreds digit of -453*(232/(-24) + r)?
2
Suppose 0 = 14*w - 37*w + 138. Suppose -4*c + 124 = 2*u + c, 3*c - 6 = 0. Suppose -o = w - u. What is the units digit of o?
1
Let t be 0/(12/(-4)) + 6/3